 75000 and 14550.
150
What is the greatest common divisor of 564 and 136958?
94
What is the highest common divisor of 351 and 23301?
27
What is the highest common factor of 23557996 and 77?
77
What is the greatest common divisor of 1216 and 35872?
608
What is the greatest common divisor of 2351999 and 239?
239
What is the highest common divisor of 8802 and 7668?
54
Calculate the highest common factor of 289 and 1853.
17
Calculate the greatest common factor of 883 and 4.
1
What is the highest common divisor of 27 and 5716?
1
Calculate the greatest common factor of 11836 and 22638.
22
What is the greatest common factor of 296 and 872?
8
Calculate the greatest common factor of 64 and 7047840.
32
What is the greatest common divisor of 45020 and 85?
5
Calculate the highest common factor of 225 and 11925.
225
Calculate the greatest common divisor of 272718 and 3058.
278
Calculate the greatest common factor of 1488 and 6384.
48
Calculate the greatest common divisor of 86 and 30487.
43
Calculate the highest common divisor of 7739 and 5123.
109
Calculate the highest common divisor of 144 and 423234.
18
What is the highest common divisor of 8112 and 672?
48
What is the greatest common divisor of 16626 and 3570?
102
What is the greatest common factor of 380 and 58330?
190
What is the highest common divisor of 456 and 46911?
57
What is the greatest common factor of 90 and 32958?
18
Calculate the highest common divisor of 126 and 89936.
14
What is the highest common divisor of 864 and 110400?
96
Calculate the highest common factor of 14555 and 25.
5
Calculate the greatest common factor of 42 and 2538.
6
Calculate the greatest common factor of 1368 and 13908.
228
What is the highest common factor of 3959 and 7811?
107
Calculate the highest common factor of 589 and 4619.
31
Calculate the highest common divisor of 106246 and 14.
14
What is the greatest common factor of 528 and 43008?
48
What is the greatest common factor of 817 and 53941?
19
What is the greatest common divisor of 1392 and 1509392?
464
Calculate the highest common factor of 69 and 7222.
23
Calculate the highest common factor of 26564 and 754.
58
What is the greatest common factor of 318 and 1058304?
318
Calculate the greatest common factor of 15323 and 154.
77
What is the greatest common divisor of 122914 and 44?
22
What is the greatest common divisor of 547716 and 260?
52
What is the highest common divisor of 1036 and 161?
7
What is the greatest common divisor of 8649 and 4464?
279
Calculate the greatest common factor of 746 and 1511023.
373
Calculate the highest common factor of 2926026 and 27.
9
What is the highest common factor of 60512 and 13268?
124
Calculate the highest common factor of 13222 and 2266.
22
What is the highest common divisor of 36994 and 212?
106
Calculate the greatest common factor of 403795 and 26271.
973
Calculate the highest common factor of 1071603 and 71.
71
What is the highest common factor of 3146 and 340978?
242
What is the greatest common divisor of 4145413 and 248?
31
What is the greatest common divisor of 448 and 57736?
56
What is the highest common divisor of 98 and 767683?
49
Calculate the highest common factor of 117005 and 385.
35
What is the highest common divisor of 399 and 1533?
21
Calculate the greatest common factor of 45 and 51615.
45
What is the highest common factor of 3024 and 5936?
112
Calculate the greatest common divisor of 154 and 43438.
2
Calculate the greatest common divisor of 30913 and 152.
19
Calculate the greatest common factor of 85077 and 1035.
207
Calculate the greatest common factor of 3256 and 22.
22
What is the highest common factor of 450 and 27828?
18
What is the greatest common divisor of 36 and 639000?
36
What is the greatest common factor of 2344 and 527986?
586
Calculate the highest common factor of 380 and 6175760.
380
Calculate the highest common divisor of 2200 and 3551900.
1100
Calculate the highest common divisor of 5966 and 5282.
38
What is the highest common divisor of 1544309 and 422?
211
Calculate the highest common divisor of 1790 and 167186.
358
Calculate the highest common divisor of 67023 and 18.
9
What is the greatest common divisor of 12 and 386148?
12
Calculate the greatest common factor of 354 and 1578.
6
What is the greatest common divisor of 759568 and 7424?
464
What is the highest common factor of 183656 and 2200?
88
What is the highest common factor of 506779 and 182?
91
What is the highest common divisor of 18549 and 1603?
229
Calculate the highest common factor of 58 and 141926.
58
What is the greatest common divisor of 780 and 440817?
39
Calculate the highest common divisor of 1769 and 2318.
61
Calculate the greatest common divisor of 260 and 181870.
130
What is the highest common factor of 12 and 2407428?
12
Calculate the highest common divisor of 234918 and 11160.
558
What is the greatest common divisor of 2483 and 55963?
191
What is the greatest common factor of 7154 and 8614?
146
What is the highest common divisor of 850 and 253538?
34
Calculate the highest common factor of 38 and 45638.
38
What is the greatest common factor of 48268 and 44?
44
Calculate the highest common divisor of 7409 and 16013.
239
Calculate the greatest common factor of 2 and 29558.
2
What is the greatest common divisor of 515 and 11124?
103
What is the greatest common divisor of 14235 and 52455?
195
What is the greatest common divisor of 72 and 266526?
18
What is the greatest common divisor of 91 and 567567?
91
Calculate the highest common factor of 33032 and 296.
8
Calculate the greatest common divisor of 150 and 13710.
30
Calculate the greatest common divisor of 1495120 and 880.
880
What is the greatest common divisor of 29154 and 15738?
258
Calculate the highest common factor of 54558 and 6.
6
What is the greatest common divisor of 627264 and 204?
12
Calculate the greatest common divisor of 16947 and 32549.
269
What is the greatest common divisor of 1188 and 56484?
108
Calculate the greatest common divisor of 66424 and 184.
184
Calculate the greatest common factor of 40 and 826070.
10
Calculate the highest common factor of 80948 and 112.
28
Calculate the highest common divisor of 40028 and 4.
4
What is the highest common divisor of 1680 and 585270?
210
What is the highest common factor of 31652 and 656?
164
What is the greatest common factor of 4960 and 38068?
124
Calculate the highest common factor of 81470 and 70.
10
Calculate the highest common factor of 26 and 466570.
26
Calculate the greatest common factor of 9 and 24714.
9
Calculate the highest common divisor of 1049433 and 154.
77
What is the greatest common divisor of 10317417 and 1914?
957
What is the highest common factor of 14527 and 511?
73
What is the highest common divisor of 16351 and 8668?
197
What is the highest common factor of 726 and 5510340?
726
What is the highest common divisor of 64 and 1931584?
64
Calculate the greatest common divisor of 16 and 928.
16
What is the greatest common divisor of 15038 and 2472?
206
Calculate the highest common factor of 3315 and 1815.
15
What is the highest common factor of 10933 and 11986?
13
What is the highest common divisor of 18 and 6558?
6
Calculate the greatest common factor of 445 and 45568.
89
Calculate the greatest common divisor of 442 and 56542.
34
Calculate the greatest common factor of 43 and 3929383.
43
What is the highest common factor of 24500 and 11600?
100
Calculate the greatest common divisor of 39392 and 40.
8
What is the greatest common factor of 77076 and 900?
36
Calculate the greatest common divisor of 36595 and 65.
65
What is the greatest common factor of 276888 and 1494?
498
What is the greatest common factor of 91 and 632177?
91
Calculate the greatest common divisor of 1944 and 90639.
243
What is the greatest common factor of 291949 and 21203?
1631
Calculate the highest common divisor of 547640 and 64.
8
What is the highest common factor of 188336 and 32?
16
Calculate the highest common divisor of 864 and 18252.
108
What is the greatest common divisor of 442 and 88434?
34
Calculate the highest common factor of 246472 and 10.
2
What is the highest common factor of 234575 and 341?
11
What is the highest common factor of 1054 and 6?
2
Calculate the greatest common divisor of 159 and 1599222